
{"version":"1.0","provider_name":"FeCHA - Festival de Cine Hispan\u00f3fono de Atenas \/ Hispanic Film Festival of Athens","provider_url":"https:\/\/fecha.gr\/es\/","author_name":"fes","author_url":"https:\/\/fecha.gr\/es\/author\/fes\/","title":"LA PAMPA - FeCHA - Festival de Cine Hispan\u00f3fono de Atenas \/ Hispanic Film Festival of Athens","type":"rich","width":600,"height":338,"html":"<blockquote class=\"wp-embedded-content\" data-secret=\"FT6qBKJIfr\"><a href=\"https:\/\/fecha.gr\/es\/5579\/la-pampa\/\">LA PAMPA<\/a><\/blockquote><iframe sandbox=\"allow-scripts\" security=\"restricted\" src=\"https:\/\/fecha.gr\/es\/5579\/la-pampa\/embed\/#?secret=FT6qBKJIfr\" width=\"600\" height=\"338\" title=\"\u00abLA PAMPA\u00bb \u2014 FeCHA - Festival de Cine Hispan\u00f3fono de Atenas \/ Hispanic Film Festival of Athens\" data-secret=\"FT6qBKJIfr\" frameborder=\"0\" marginwidth=\"0\" marginheight=\"0\" scrolling=\"no\" class=\"wp-embedded-content\"><\/iframe><script type=\"text\/javascript\">\n\/* <![CDATA[ *\/\n\/*! This file is auto-generated *\/\n!function(d,l){\"use strict\";l.querySelector&&d.addEventListener&&\"undefined\"!=typeof URL&&(d.wp=d.wp||{},d.wp.receiveEmbedMessage||(d.wp.receiveEmbedMessage=function(e){var t=e.data;if((t||t.secret||t.message||t.value)&&!\/[^a-zA-Z0-9]\/.test(t.secret)){for(var s,r,n,a=l.querySelectorAll('iframe[data-secret=\"'+t.secret+'\"]'),o=l.querySelectorAll('blockquote[data-secret=\"'+t.secret+'\"]'),c=new RegExp(\"^https?:$\",\"i\"),i=0;i<o.length;i++)o[i].style.display=\"none\";for(i=0;i<a.length;i++)s=a[i],e.source===s.contentWindow&&(s.removeAttribute(\"style\"),\"height\"===t.message?(1e3<(r=parseInt(t.value,10))?r=1e3:~~r<200&&(r=200),s.height=r):\"link\"===t.message&&(r=new URL(s.getAttribute(\"src\")),n=new URL(t.value),c.test(n.protocol))&&n.host===r.host&&l.activeElement===s&&(d.top.location.href=t.value))}},d.addEventListener(\"message\",d.wp.receiveEmbedMessage,!1),l.addEventListener(\"DOMContentLoaded\",function(){for(var e,t,s=l.querySelectorAll(\"iframe.wp-embedded-content\"),r=0;r<s.length;r++)(t=(e=s[r]).getAttribute(\"data-secret\"))||(t=Math.random().toString(36).substring(2,12),e.src+=\"#?secret=\"+t,e.setAttribute(\"data-secret\",t)),e.contentWindow.postMessage({message:\"ready\",secret:t},\"*\")},!1)))}(window,document);\n\/\/# sourceURL=https:\/\/fecha.gr\/wp-includes\/js\/wp-embed.min.js\n\/* ]]> *\/\n<\/script>\n","thumbnail_url":"https:\/\/fecha.gr\/wp-content\/uploads\/2023\/04\/la-pampa-011.jpg","thumbnail_width":1920,"thumbnail_height":804,"description":"Juan, un exfuncionario p\u00fablico, huye de la justicia y de la tragedia que lo marc\u00f3 de por vida. Reina, una adolescente, huye de los abusos sexuales y morales que ha sufrido desde ni\u00f1a en los campamentos de explotaci\u00f3n sexual de La Pampa, un lugar controlado por las mafias mineras de oro. Unidos por el destino partir\u00e1n en busca de la&hellip;"}

FeCHA - Festival de Cine Hispanófono de Atenas / Hispanic Film Festival of Athens

LA PAMPA - FeCHA - Festival de Cine Hispanófono de Atenas / Hispanic Film Festival of Athens

<blockquote class="wp-embedded-content" data-secret="FT6qBKJIfr"><a href="https://fecha.gr/es/5579/la-pampa/">LA PAMPA</a></blockquote><iframe sandbox="allow-scripts" security="restricted" src="https://fecha.gr/es/5579/la-pampa/embed/#?secret=FT6qBKJIfr" width="600" height="338" title="«LA PAMPA» — FeCHA - Festival de Cine Hispanófono de Atenas / Hispanic Film Festival of Athens" data-secret="FT6qBKJIfr" frameborder="0" marginwidth="0" marginheight="0" scrolling="no" class="wp-embedded-content"></iframe><script type="text/javascript">
/* <![CDATA[ */
/*! This file is auto-generated */
!function(d,l){"use strict";l.querySelector&&d.addEventListener&&"undefined"!=typeof URL&&(d.wp=d.wp||{},d.wp.receiveEmbedMessage||(d.wp.receiveEmbedMessage=function(e){var t=e.data;if((t||t.secret||t.message||t.value)&&!/[^a-zA-Z0-9]/.test(t.secret)){for(var s,r,n,a=l.querySelectorAll('iframe[data-secret="'+t.secret+'"]'),o=l.querySelectorAll('blockquote[data-secret="'+t.secret+'"]'),c=new RegExp("^https?:$","i"),i=0;i<o.length;i++)o[i].style.display="none";for(i=0;i<a.length;i++)s=a[i],e.source===s.contentWindow&&(s.removeAttribute("style"),"height"===t.message?(1e3<(r=parseInt(t.value,10))?r=1e3:~~r<200&&(r=200),s.height=r):"link"===t.message&&(r=new URL(s.getAttribute("src")),n=new URL(t.value),c.test(n.protocol))&&n.host===r.host&&l.activeElement===s&&(d.top.location.href=t.value))}},d.addEventListener("message",d.wp.receiveEmbedMessage,!1),l.addEventListener("DOMContentLoaded",function(){for(var e,t,s=l.querySelectorAll("iframe.wp-embedded-content"),r=0;r<s.length;r++)(t=(e=s[r]).getAttribute("data-secret"))||(t=Math.random().toString(36).substring(2,12),e.src+="#?secret="+t,e.setAttribute("data-secret",t)),e.contentWindow.postMessage({message:"ready",secret:t},"*")},!1)))}(window,document);
//# sourceURL=https://fecha.gr/wp-includes/js/wp-embed.min.js
/* ]]> */
</script>

Juan, un exfuncionario público, huye de la justicia y de la tragedia que lo marcó de por vida. Reina, una adolescente, huye de los abusos sexuales y morales que ha sufrido desde niña en los campamentos de explotación sexual de La Pampa, un lugar controlado por las mafias mineras de oro. Unidos por el destino partirán en busca de la&hellip;
